{"id":8057,"date":"2023-05-18T14:49:48","date_gmt":"2023-05-18T14:49:48","guid":{"rendered":"https:\/\/proksol.com\/marketing\/?page_id=8057"},"modified":"2023-05-26T19:59:28","modified_gmt":"2023-05-26T19:59:28","slug":"apartaestudios-klik-b-pl-opt6654-2","status":"publish","type":"page","link":"https:\/\/proksol.com\/marketing\/apartaestudios-klik-b-pl-opt6654-2\/","title":{"rendered":"Apartaestudios Klik B PL opt6654"},"content":{"rendered":"<p>[et_pb_section fb_built=&#8221;1&#8243; fullwidth=&#8221;on&#8221; _builder_version=&#8221;4.0.10&#8243; background_color=&#8221;#7cda24&#8243;][et_pb_fullwidth_header title=&#8221;\u00a1Klik ya es un realidad, iniciamos obra! &#8221; subhead=&#8221;Entregas en 2024&#8243; text_orientation=&#8221;right&#8221; _builder_version=&#8221;4.0.10&#8243; title_font=&#8221;|700|||||||&#8221; title_text_align=&#8221;center&#8221; title_text_color=&#8221;#AFFC41&#8243; title_font_size=&#8221;54px&#8221; content_font=&#8221;Arimo||||||||&#8221; subhead_font=&#8221;|600|||||||&#8221; subhead_text_align=&#8221;center&#8221; subhead_text_color=&#8221;#ffffff&#8221; subhead_font_size=&#8221;39px&#8221; background_color=&#8221;#086375&#8243; custom_padding=&#8221;||41px|||&#8221; hover_enabled=&#8221;0&#8243; subhead_line_height=&#8221;1.1em&#8221; title_line_height=&#8221;1.3em&#8221;][\/et_pb_fullwidth_header][\/et_pb_section][et_pb_section fb_built=&#8221;1&#8243; specialty=&#8221;on&#8221; _builder_version=&#8221;4.0.10&#8243; top_divider_style=&#8221;triangle&#8221; top_divider_color=&#8221;#086375&#8243; top_divider_height=&#8221;68px&#8221; top_divider_flip=&#8221;vertical&#8221;][et_pb_column type=&#8221;1_2&#8243; specialty_columns=&#8221;2&#8243; _builder_version=&#8221;3.25&#8243; custom_padding=&#8221;|||&#8221; custom_padding__hover=&#8221;|||&#8221;][et_pb_row_inner _builder_version=&#8221;4.0.10&#8243;][et_pb_column_inner saved_specialty_column_type=&#8221;1_2&#8243; _builder_version=&#8221;4.0.10&#8243;][et_pb_blurb title=&#8221;\u00a1Gracias por llenar el formulario! &#8221; _builder_version=&#8221;4.0.10&#8243; header_level=&#8221;h2&#8243; header_font=&#8221;|600|||||||&#8221; header_text_align=&#8221;center&#8221; header_text_color=&#8221;#e06100&#8243; border_color_all_image=&#8221;#000000&#8243;][\/et_pb_blurb][et_pb_blurb title=&#8221;A continuaci\u00f3n consulta  mas informaci\u00f3n acerca del proyecto que proksol tiene preprado para ti&#8221; _builder_version=&#8221;4.0.10&#8243; header_level=&#8221;h2&#8243; header_font=&#8221;|600|||||||&#8221; header_text_align=&#8221;center&#8221; header_text_color=&#8221;#086375&#8243; border_color_all_image=&#8221;#000000&#8243;][\/et_pb_blurb][et_pb_image src=&#8221;https:\/\/proksol.com\/marketing\/wp-content\/uploads\/2021\/07\/flecha-hacia-abajo2.png&#8221; align=&#8221;center&#8221; _builder_version=&#8221;4.0.10&#8243; height=&#8221;100px&#8221; filter_saturate=&#8221;9%&#8221; filter_brightness=&#8221;58%&#8221; hover_enabled=&#8221;0&#8243; width=&#8221;25%&#8221; max_width=&#8221;23%&#8221; min_height=&#8221;100px&#8221; max_height=&#8221;1000px&#8221;][\/et_pb_image][\/et_pb_column_inner][\/et_pb_row_inner][\/et_pb_column][et_pb_column type=&#8221;1_2&#8243; _builder_version=&#8221;3.25&#8243; custom_padding=&#8221;|||&#8221; custom_padding__hover=&#8221;|||&#8221;][et_pb_image src=&#8221;https:\/\/proksol.com\/marketing\/wp-content\/uploads\/2023\/05\/lobby.webp&#8221; _builder_version=&#8221;4.0.10&#8243; width=&#8221;100%&#8221; max_width=&#8221;100%&#8221; module_alignment=&#8221;center&#8221; border_width_all=&#8221;4px&#8221; border_color_all=&#8221;#086375&#8243; box_shadow_style=&#8221;preset5&#8243; box_shadow_vertical=&#8221;0px&#8221; box_shadow_spread=&#8221;4px&#8221; box_shadow_color=&#8221;#086375&#8243;][\/et_pb_image][\/et_pb_column][\/et_pb_section][et_pb_section fb_built=&#8221;1&#8243; _builder_version=&#8221;4.0.10&#8243; background_color=&#8221;rgba(0,0,0,0)&#8221; width=&#8221;100%&#8221; max_width=&#8221;100%&#8221; min_height=&#8221;100px&#8221; height=&#8221;100px&#8221; max_height=&#8221;100px&#8221; custom_padding=&#8221;0px|||||&#8221; top_divider_color=&#8221;#000000&#8243; bottom_divider_style=&#8221;ramp&#8221; bottom_divider_color=&#8221;#1DD3B0&#8243;][\/et_pb_section][et_pb_section fb_built=&#8221;1&#8243; module_id=&#8221;apartaestudios&#8221; _builder_version=&#8221;4.0.10&#8243; background_color=&#8221;#1DD3B0&#8243; custom_padding=&#8221;16px||0px|||&#8221; border_width_all=&#8221;1px&#8221; border_color_all=&#8221;rgba(0,0,0,0)&#8221; locked=&#8221;off&#8221;][et_pb_row _builder_version=&#8221;4.0.10&#8243; custom_padding=&#8221;0px||2px|||&#8221;][et_pb_column type=&#8221;4_4&#8243; _builder_version=&#8221;4.0.10&#8243;][et_pb_text _builder_version=&#8221;4.0.10&#8243; text_text_color=&#8221;#ffffff&#8221; header_2_font=&#8221;Arial|700|||||||&#8221; header_2_text_align=&#8221;center&#8221; header_2_text_color=&#8221;#4d4d4d&#8221; header_2_font_size=&#8221;24px&#8221; header_2_line_height=&#8221;1.3em&#8221;]<\/p>\n<h2><span style=\"color: #003366;\">El proyecto de apartaestudios que har\u00e1 Klik con tu estilo de vida, ubicado en uno de los mejores barrios de Bogot\u00e1: La Castellana.<\/span><\/h2>\n<p>[\/et_pb_text][\/et_pb_column][\/et_pb_row][\/et_pb_section][et_pb_section fb_built=&#8221;1&#8243; _builder_version=&#8221;4.0.10&#8243; background_color=&#8221;#086375&#8243; top_divider_style=&#8221;ramp&#8221; top_divider_color=&#8221;#AFFC41&#8243; bottom_divider_style=&#8221;ramp&#8221; bottom_divider_color=&#8221;#AFFC41&#8243; bottom_divider_height=&#8221;97px&#8221; bottom_divider_flip=&#8221;horizontal&#8221; hover_enabled=&#8221;0&#8243; top_divider_height=&#8221;70px&#8221;][et_pb_row column_structure=&#8221;1_2,1_2&#8243; _builder_version=&#8221;4.0.10&#8243;][et_pb_column type=&#8221;1_2&#8243; _builder_version=&#8221;4.0.10&#8243;][et_pb_blurb image=&#8221;https:\/\/proksol.com\/marketing\/wp-content\/uploads\/2023\/05\/klik-fachada.webp&#8221; _builder_version=&#8221;4.0.10&#8243; header_level=&#8221;h3&#8243; header_font=&#8221;|600|||||||&#8221; header_text_align=&#8221;center&#8221; header_text_color=&#8221;#affc41&#8243; header_font_size=&#8221;22px&#8221; background_color=&#8221;rgba(0,0,0,0)&#8221; text_orientation=&#8221;justified&#8221; child_filter_contrast=&#8221;119%&#8221; border_width_all_image=&#8221;7px&#8221; border_color_all_image=&#8221;#AFFC41&#8243; box_shadow_style_image=&#8221;preset3&#8243; box_shadow_vertical_image=&#8221;0px&#8221; box_shadow_blur_image=&#8221;63px&#8221; box_shadow_spread_image=&#8221;-23px&#8221; box_shadow_color_image=&#8221;#8adff2&#8243;]<\/p>\n<h4 class=\"et_pb_module_header et-fb-editable-element et-fb-editable-element__editing\" data-shortcode-id=\"3.0.0.1-1684442129521\" data-quickaccess-id=\"header\" contenteditable=\"true\" style=\"text-align: center;\">Desde <span style=\"color: #ffffff;\">192.000.000<\/span> Apartaestudios desde <span style=\"color: #ffffff;\">18.25 m\u00b2<\/span> hasta <span style=\"color: #ffffff;\">19.49 m\u00b2<\/span><\/h4>\n<p>[\/et_pb_blurb][\/et_pb_column][et_pb_column type=&#8221;1_2&#8243; _builder_version=&#8221;4.0.10&#8243;][et_pb_blurb title=&#8221;127 apartaestudios distribuidos en 6 pisos.&#8221; use_icon=&#8221;on&#8221; font_icon=&#8221;%%49%%&#8221; icon_color=&#8221;#affc41&#8243; icon_placement=&#8221;left&#8221; _builder_version=&#8221;4.0.10&#8243; header_level=&#8221;h3&#8243; header_font=&#8221;|600|||||||&#8221; header_text_align=&#8221;left&#8221; header_text_color=&#8221;#ffffff&#8221;][\/et_pb_blurb][et_pb_blurb title=&#8221;1 Habitacion, Ba\u00f1o, Cocina Abierta y Balcon&#8221; use_icon=&#8221;on&#8221; font_icon=&#8221;%%49%%&#8221; icon_color=&#8221;#affc41&#8243; icon_placement=&#8221;left&#8221; _builder_version=&#8221;4.0.10&#8243; header_level=&#8221;h3&#8243; header_font=&#8221;|600|||||||&#8221; header_text_align=&#8221;left&#8221; header_text_color=&#8221;#ffffff&#8221;][\/et_pb_blurb][et_pb_blurb title=&#8221;Zonas comunes&#8221; use_icon=&#8221;on&#8221; font_icon=&#8221;%%49%%&#8221; icon_color=&#8221;#affc41&#8243; icon_placement=&#8221;left&#8221; _builder_version=&#8221;4.0.10&#8243; header_level=&#8221;h3&#8243; header_font=&#8221;|600|||||||&#8221; header_text_align=&#8221;left&#8221; header_text_color=&#8221;#ffffff&#8221;][\/et_pb_blurb][et_pb_blurb title=&#8221; Gimnasio, Parque para mascotas&#8221; use_icon=&#8221;on&#8221; font_icon=&#8221;%%49%%&#8221; icon_color=&#8221;#affc41&#8243; icon_placement=&#8221;left&#8221; _builder_version=&#8221;4.0.10&#8243; header_level=&#8221;h3&#8243; header_font=&#8221;|600|||||||&#8221; header_text_align=&#8221;left&#8221; header_text_color=&#8221;#ffffff&#8221;][\/et_pb_blurb][et_pb_blurb title=&#8221;Zona de recarga para  patinetas \/ bicicletas electricas&#8221; use_icon=&#8221;on&#8221; font_icon=&#8221;%%49%%&#8221; icon_color=&#8221;#affc41&#8243; icon_placement=&#8221;left&#8221; _builder_version=&#8221;4.0.10&#8243; header_level=&#8221;h3&#8243; header_font=&#8221;|600|||||||&#8221; header_text_align=&#8221;left&#8221; header_text_color=&#8221;#ffffff&#8221;][\/et_pb_blurb][et_pb_blurb title=&#8221;Estaciones de Transmilenio cercanas&#8221; use_icon=&#8221;on&#8221; font_icon=&#8221;%%49%%&#8221; icon_color=&#8221;#affc41&#8243; icon_placement=&#8221;left&#8221; _builder_version=&#8221;4.0.10&#8243; header_level=&#8221;h3&#8243; header_font=&#8221;|600|||||||&#8221; header_text_align=&#8221;left&#8221; header_text_color=&#8221;#ffffff&#8221;][\/et_pb_blurb][et_pb_blurb title=&#8221;Parqueadero comunal&#8221; use_icon=&#8221;on&#8221; font_icon=&#8221;%%49%%&#8221; icon_color=&#8221;#affc41&#8243; icon_placement=&#8221;left&#8221; _builder_version=&#8221;4.0.10&#8243; header_level=&#8221;h3&#8243; header_font=&#8221;|600|||||||&#8221; header_text_align=&#8221;left&#8221; header_text_color=&#8221;#ffffff&#8221;][\/et_pb_blurb][\/et_pb_column][\/et_pb_row][\/et_pb_section][et_pb_section fb_built=&#8221;1&#8243; _builder_version=&#8221;4.0.10&#8243;][et_pb_row _builder_version=&#8221;4.0.10&#8243;][et_pb_column type=&#8221;4_4&#8243; _builder_version=&#8221;4.0.10&#8243;][et_pb_gallery gallery_ids=&#8221;7975,7976,7977,7978,7979,7980,7981,7983,7982&#8243; fullwidth=&#8221;on&#8221; _builder_version=&#8221;4.0.10&#8243; box_shadow_style=&#8221;preset4&#8243; box_shadow_horizontal=&#8221;0px&#8221; box_shadow_vertical=&#8221;0px&#8221; box_shadow_spread=&#8221;10px&#8221; box_shadow_color=&#8221;#1dd3b0&#8243; box_shadow_position_tablet=&#8221;&#8221; box_shadow_position_phone=&#8221;&#8221; box_shadow_position_last_edited=&#8221;on|desktop&#8221;][\/et_pb_gallery][\/et_pb_column][\/et_pb_row][\/et_pb_section][et_pb_section fb_built=&#8221;1&#8243; module_id=&#8221;apartaestudios&#8221; _builder_version=&#8221;4.0.10&#8243; background_color=&#8221;#1DD3B0&#8243; custom_padding=&#8221;16px||0px|||&#8221; border_width_all=&#8221;1px&#8221; border_color_all=&#8221;rgba(0,0,0,0)&#8221; locked=&#8221;off&#8221;][et_pb_row _builder_version=&#8221;4.0.10&#8243; custom_padding=&#8221;0px||2px|||&#8221;][et_pb_column type=&#8221;4_4&#8243; _builder_version=&#8221;4.0.10&#8243;][et_pb_text _builder_version=&#8221;4.0.10&#8243; text_text_color=&#8221;#ffffff&#8221; header_2_font=&#8221;Arial|700|||||||&#8221; header_2_text_align=&#8221;center&#8221; header_2_text_color=&#8221;#4d4d4d&#8221; header_2_font_size=&#8221;24px&#8221; header_2_line_height=&#8221;1.3em&#8221;]<\/p>\n<h2><strong><span style=\"color: #003366;\">Recibe un plan personalizado de pagos, visitando nuestra sala de negocios.<\/span><\/strong><\/h2>\n<p>[\/et_pb_text][\/et_pb_column][\/et_pb_row][\/et_pb_section][et_pb_section fb_built=&#8221;1&#8243; specialty=&#8221;on&#8221; padding_top_bottom_link_2=&#8221;false&#8221; padding_left_right_link_2=&#8221;false&#8221; padding_bottom_2=&#8221;5px&#8221; _builder_version=&#8221;4.0.10&#8243; custom_margin=&#8221;||||false|false&#8221;][et_pb_column type=&#8221;1_2&#8243; specialty_columns=&#8221;2&#8243; _builder_version=&#8221;3.25&#8243; custom_padding=&#8221;|||&#8221; custom_padding__hover=&#8221;|||&#8221;][et_pb_row_inner column_structure=&#8221;1_3,1_3,1_3&#8243; use_custom_gutter=&#8221;on&#8221; gutter_width=&#8221;2&#8243; _builder_version=&#8221;4.0.10&#8243; width=&#8221;100%&#8221; max_height=&#8221;1000px&#8221;][et_pb_column_inner type=&#8221;1_3&#8243; saved_specialty_column_type=&#8221;1_2&#8243; _builder_version=&#8221;4.0.10&#8243;][et_pb_image src=&#8221;https:\/\/proksol.com\/marketing\/wp-content\/uploads\/2021\/07\/parque.png&#8221; _builder_version=&#8221;4.0.10&#8243; width=&#8221;80px&#8221; module_alignment=&#8221;center&#8221; filter_hue_rotate=&#8221;169deg&#8221; filter_saturate=&#8221;176%&#8221; filter_brightness=&#8221;102%&#8221; filter_contrast=&#8221;174%&#8221;][\/et_pb_image][et_pb_text _builder_version=&#8221;4.0.10&#8243; header_3_font=&#8221;Poppins||||||||&#8221; header_3_text_align=&#8221;center&#8221; custom_margin=&#8221;10px||20px||false|false&#8221; custom_padding=&#8221;||0px||false|false&#8221;]<\/p>\n<h3>Parques<\/h3>\n<p>[\/et_pb_text][\/et_pb_column_inner][et_pb_column_inner type=&#8221;1_3&#8243; saved_specialty_column_type=&#8221;1_2&#8243; _builder_version=&#8221;4.0.10&#8243;][et_pb_image src=&#8221;https:\/\/proksol.com\/marketing\/wp-content\/uploads\/2021\/07\/centro-comercial.png&#8221; _builder_version=&#8221;4.0.10&#8243; width=&#8221;80px&#8221; module_alignment=&#8221;center&#8221; filter_hue_rotate=&#8221;169deg&#8221; filter_saturate=&#8221;176%&#8221; filter_brightness=&#8221;102%&#8221; filter_contrast=&#8221;174%&#8221;][\/et_pb_image][et_pb_text _builder_version=&#8221;4.0.10&#8243; header_3_font=&#8221;Poppins||||||||&#8221; header_3_text_align=&#8221;center&#8221; custom_margin=&#8221;10px||20px||false|false&#8221; custom_padding=&#8221;||0px||false|false&#8221;]<\/p>\n<h3>Centros Comerciales<\/h3>\n<p>[\/et_pb_text][\/et_pb_column_inner][et_pb_column_inner type=&#8221;1_3&#8243; saved_specialty_column_type=&#8221;1_2&#8243; _builder_version=&#8221;4.0.10&#8243;][et_pb_image src=&#8221;https:\/\/proksol.com\/marketing\/wp-content\/uploads\/2021\/07\/hospital.png&#8221; _builder_version=&#8221;4.0.10&#8243; width=&#8221;80px&#8221; module_alignment=&#8221;center&#8221; filter_hue_rotate=&#8221;169deg&#8221; filter_saturate=&#8221;176%&#8221; filter_brightness=&#8221;102%&#8221; filter_contrast=&#8221;174%&#8221;][\/et_pb_image][et_pb_text _builder_version=&#8221;4.0.10&#8243; header_3_font=&#8221;Poppins||||||||&#8221; header_3_text_align=&#8221;center&#8221; custom_margin=&#8221;10px||20px||false|false&#8221; custom_padding=&#8221;||0px||false|false&#8221;]<\/p>\n<h3>Hospitales<\/h3>\n<p>[\/et_pb_text][\/et_pb_column_inner][\/et_pb_row_inner][et_pb_row_inner column_structure=&#8221;1_3,1_3,1_3&#8243; use_custom_gutter=&#8221;on&#8221; gutter_width=&#8221;2&#8243; _builder_version=&#8221;4.0.10&#8243; width=&#8221;100%&#8221; max_height=&#8221;1000px&#8221;][et_pb_column_inner type=&#8221;1_3&#8243; saved_specialty_column_type=&#8221;1_2&#8243; _builder_version=&#8221;4.0.10&#8243;][et_pb_image src=&#8221;https:\/\/proksol.com\/marketing\/wp-content\/uploads\/2021\/07\/parada-de-autobus.png&#8221; _builder_version=&#8221;4.0.10&#8243; width=&#8221;80px&#8221; module_alignment=&#8221;center&#8221; filter_hue_rotate=&#8221;169deg&#8221; filter_saturate=&#8221;176%&#8221; filter_brightness=&#8221;102%&#8221; filter_contrast=&#8221;174%&#8221;][\/et_pb_image][et_pb_text _builder_version=&#8221;4.0.10&#8243; header_3_font=&#8221;Poppins||||||||&#8221; header_3_text_align=&#8221;center&#8221; custom_margin=&#8221;10px||20px||false|false&#8221; custom_padding=&#8221;||0px||false|false&#8221;]<\/p>\n<h3>Estaciones de Transmilenio<\/h3>\n<p>[\/et_pb_text][\/et_pb_column_inner][et_pb_column_inner type=&#8221;1_3&#8243; saved_specialty_column_type=&#8221;1_2&#8243; _builder_version=&#8221;4.0.10&#8243;][et_pb_image src=&#8221;https:\/\/proksol.com\/marketing\/wp-content\/uploads\/2021\/07\/oficinas.png&#8221; _builder_version=&#8221;4.0.10&#8243; width=&#8221;80px&#8221; module_alignment=&#8221;center&#8221; filter_hue_rotate=&#8221;142deg&#8221; filter_saturate=&#8221;50%&#8221; filter_brightness=&#8221;137%&#8221; filter_contrast=&#8221;137%&#8221;][\/et_pb_image][et_pb_text _builder_version=&#8221;4.0.10&#8243; header_3_font=&#8221;Poppins||||||||&#8221; header_3_text_align=&#8221;center&#8221; custom_margin=&#8221;10px||20px||false|false&#8221; custom_padding=&#8221;||0px||false|false&#8221;]<\/p>\n<h3>Oficinas<\/h3>\n<p>[\/et_pb_text][\/et_pb_column_inner][et_pb_column_inner type=&#8221;1_3&#8243; saved_specialty_column_type=&#8221;1_2&#8243; _builder_version=&#8221;4.0.10&#8243;][et_pb_image src=&#8221;https:\/\/proksol.com\/marketing\/wp-content\/uploads\/2021\/07\/teatro.png&#8221; _builder_version=&#8221;4.0.10&#8243; width=&#8221;80px&#8221; module_alignment=&#8221;center&#8221; filter_hue_rotate=&#8221;169deg&#8221; filter_saturate=&#8221;176%&#8221; filter_brightness=&#8221;102%&#8221; filter_contrast=&#8221;174%&#8221;][\/et_pb_image][et_pb_text _builder_version=&#8221;4.0.10&#8243; header_3_font=&#8221;Poppins||||||||&#8221; header_3_text_align=&#8221;center&#8221; custom_margin=&#8221;10px||20px||false|false&#8221; custom_padding=&#8221;||0px||false|false&#8221;]<\/p>\n<h3><span style=\"color: #003366;\">Teatros<\/span><\/h3>\n<p>[\/et_pb_text][\/et_pb_column_inner][\/et_pb_row_inner][\/et_pb_column][et_pb_column type=&#8221;1_2&#8243; _builder_version=&#8221;3.25&#8243; custom_padding=&#8221;|||&#8221; custom_padding__hover=&#8221;|||&#8221;][et_pb_text _builder_version=&#8221;4.0.10&#8243; text_font=&#8221;Arial|500|||||||&#8221; text_text_color=&#8221;rgba(0,0,0,0.77)&#8221; text_font_size=&#8221;23px&#8221; text_line_height=&#8221;1.4em&#8221; header_2_font=&#8221;Poppins|700|||||||&#8221; header_2_text_align=&#8221;center&#8221; header_2_text_color=&#8221;#4d4d4d&#8221; header_2_line_height=&#8221;1.1em&#8221; text_orientation=&#8221;center&#8221; custom_margin=&#8221;-13px|||||&#8221; locked=&#8221;off&#8221;]<\/p>\n<h2><span style=\"color: #003366;\">Ubicaci\u00f3n estrat\u00e9gica en Bogot\u00e1<\/span><\/h2>\n<p><span style=\"color: #003366;\"><strong>Carrera 49c No. 91-88<\/strong><\/span><\/p>\n<p>[\/et_pb_text][et_pb_image src=&#8221;https:\/\/proksol.com\/marketing\/wp-content\/uploads\/2021\/12\/klik-mapa.jpg&#8221; _builder_version=&#8221;4.0.10&#8243; width=&#8221;100%&#8221; module_alignment=&#8221;center&#8221; box_shadow_style=&#8221;preset3&#8243; box_shadow_color=&#8221;#086375&#8243;][\/et_pb_image][\/et_pb_column][\/et_pb_section][et_pb_section fb_built=&#8221;1&#8243; _builder_version=&#8221;4.0.10&#8243; background_color=&#8221;#4d4d4d&#8221; background_enable_image=&#8221;off&#8221; background_blend=&#8221;soft-light&#8221; custom_padding=&#8221;||0px|||&#8221; border_width_all=&#8221;1px&#8221; border_color_all=&#8221;#FFFFFF&#8221; locked=&#8221;off&#8221;][et_pb_row column_structure=&#8221;1_2,1_2&#8243; _builder_version=&#8221;4.0.10&#8243; custom_padding=&#8221;||0px|||&#8221;][et_pb_column type=&#8221;1_2&#8243; _builder_version=&#8221;4.0.10&#8243;][et_pb_text _builder_version=&#8221;4.0.10&#8243; text_font=&#8221;Roboto Mono||||||||&#8221; text_text_color=&#8221;#52768b&#8221; text_font_size=&#8221;36px&#8221; text_line_height=&#8221;1.1em&#8221; header_2_font=&#8221;Poppins||||||||&#8221; header_2_text_color=&#8221;rgba(0,0,0,0.77)&#8221; header_3_font=&#8221;Poppins||||||||&#8221; header_3_text_color=&#8221;#bfff00&#8243; header_3_font_size=&#8221;20px&#8221; custom_margin=&#8221;||20px|||&#8221; custom_padding=&#8221;0px|||||&#8221;]<\/p>\n<h2 style=\"text-align: center;\"><span style=\"color: #bfff00;\"><img loading=\"lazy\" src=\"https:\/\/proksol.com\/marketing\/wp-content\/uploads\/2021\/12\/KLIK-VERDE.png\" width=\"196\" height=\"166\" \/>\u00a0<\/span><\/h2>\n<p>[\/et_pb_text][\/et_pb_column][et_pb_column type=&#8221;1_2&#8243; _builder_version=&#8221;4.0.10&#8243;][et_pb_text _builder_version=&#8221;4.0.10&#8243; text_font=&#8221;Roboto Mono||||||||&#8221; text_text_color=&#8221;#52768b&#8221; text_font_size=&#8221;36px&#8221; text_line_height=&#8221;1.1em&#8221; header_2_font=&#8221;Poppins||||||||&#8221; header_2_text_align=&#8221;center&#8221; header_2_text_color=&#8221;#bff000&#8243; header_3_font=&#8221;Poppins||||||||&#8221; header_3_text_color=&#8221;#bfff00&#8243; header_3_font_size=&#8221;20px&#8221; custom_margin=&#8221;||20px|||&#8221; custom_padding=&#8221;0px|||||&#8221;]<\/p>\n<h2>Un proyecto de:<\/h2>\n<p>[\/et_pb_text][et_pb_image src=&#8221;https:\/\/proksol.com\/marketing\/wp-content\/uploads\/2023\/05\/pks_logo02.webp&#8221; align=&#8221;center&#8221; _builder_version=&#8221;4.0.10&#8243; background_color=&#8221;#ffffff&#8221; width=&#8221;46%&#8221;][\/et_pb_image][et_pb_text _builder_version=&#8221;4.0.10&#8243; text_font=&#8221;Roboto Mono||||||||&#8221; text_text_color=&#8221;#52768b&#8221; text_font_size=&#8221;36px&#8221; text_line_height=&#8221;1.1em&#8221; header_2_font=&#8221;Poppins||||||||&#8221; header_2_text_color=&#8221;#52768b&#8221; header_2_font_size=&#8221;28px&#8221; header_3_font=&#8221;Poppins|500|||||||&#8221; header_3_text_color=&#8221;#bfff00&#8243; header_3_font_size=&#8221;20px&#8221;]<\/p>\n<h3 style=\"text-align: center;\">Constructora con m\u00e1s de 15 a\u00f1os de experiencia en el pa\u00eds.<\/h3>\n<p>[\/et_pb_text][\/et_pb_column][\/et_pb_row][et_pb_row _builder_version=&#8221;4.0.10&#8243;][et_pb_column type=&#8221;4_4&#8243; _builder_version=&#8221;4.0.10&#8243;][et_pb_text _builder_version=&#8221;4.0.10&#8243; text_font=&#8221;Poppins||||||||&#8221; text_text_color=&#8221;#ffffff&#8221; text_font_size=&#8221;11px&#8221;]<\/p>\n<p style=\"text-align: justify;\">Las \u00e1reas y medidas aqu\u00ed mencionadas pueden sufrir cambios, ajustes y\/o modificaciones debido a ajustes t\u00e9cnicos y\/o procesos constructivos o como consecuencia directa de modificaciones ordenadas por la curadur\u00eda o alcald\u00eda competente en la expedici\u00f3n de la licencia de construcci\u00f3n y dem\u00e1s permisos requeridos. Las im\u00e1genes publicadas, planos, renders, fotos, dise\u00f1os, dimensiones, distribuci\u00f3n, acabados, zonas verdes, elementos decorativos de las unidades, <span>as\u00ed como los componentes de los proyectos, entre otros sin limitarse<\/span>, son representaciones digitales y art\u00edsticas del dise\u00f1o y junto con el modelo de unidad y los muebles exhibidos en la sala de negocios, pueden variar en su percepci\u00f3n y construcci\u00f3n final y est\u00e1n sujetos a modificaciones y cambios sin previo aviso o consulta, por lo tanto constituyen oferta por parte del promotor y\/o constructor. Antes de tomar cualquier decisi\u00f3n, por favor inf\u00f3rmese en la sala de negocios y con su asesor comercial acerca de las condiciones del proyecto. Los muebles son ilustrativos y no se entregan con el inmueble.&nbsp;Le recomendamos antes de tomar su decisi\u00f3n que no s\u00f3lo analice al interior del apartamento sino tambi\u00e9n la ubicaci\u00f3n respecto de las zonas&nbsp;<span>comunes, iluminaci\u00f3n, construcciones cercanas, v\u00edas de acceso, parques, zonas de cesi\u00f3n y dem\u00e1s factores alrededor del proyecto.&nbsp;El precio del inmueble ser\u00e1 ajustado a los 150 SMMLV del a\u00f1o de escritura. Las entregas de los apartaestudios est\u00e1n programadas aproximadamente para el a\u00f1o 2024. El subsidio de vivienda aplica \u00fanicamente el de la caja de compensaci\u00f3n y ser\u00e1 aplicado al valor final, al del cr\u00e9dito, m\u00e1s no a la cuota inicial.&nbsp;<\/span><\/p>\n<p>[\/et_pb_text][\/et_pb_column][\/et_pb_row][\/et_pb_section]<\/p>\n","protected":false},"excerpt":{"rendered":"<p>[et_pb_section fb_built=&#8221;1&#8243; fullwidth=&#8221;on&#8221; _builder_version=&#8221;4.0.10&#8243; background_color=&#8221;#7cda24&#8243;][et_pb_fullwidth_header title=&#8221;\u00a1Klik ya es un realidad, iniciamos obra! &#8221; subhead=&#8221;Entregas en 2024&#8243; text_orientation=&#8221;right&#8221; _builder_version=&#8221;4.0.10&#8243; title_font=&#8221;|700|||||||&#8221; title_text_align=&#8221;center&#8221; title_text_color=&#8221;#AFFC41&#8243; title_font_size=&#8221;54px&#8221; content_font=&#8221;Arimo||||||||&#8221; subhead_font=&#8221;|600|||||||&#8221; subhead_text_align=&#8221;center&#8221; subhead_text_color=&#8221;#ffffff&#8221; subhead_font_size=&#8221;39px&#8221; background_color=&#8221;#086375&#8243; custom_padding=&#8221;||41px|||&#8221; hover_enabled=&#8221;0&#8243; subhead_line_height=&#8221;1.1em&#8221; title_line_height=&#8221;1.3em&#8221;][\/et_pb_fullwidth_header][\/et_pb_section][et_pb_section fb_built=&#8221;1&#8243; specialty=&#8221;on&#8221; _builder_version=&#8221;4.0.10&#8243; top_divider_style=&#8221;triangle&#8221; top_divider_color=&#8221;#086375&#8243; top_divider_height=&#8221;68px&#8221; top_divider_flip=&#8221;vertical&#8221;][et_pb_column type=&#8221;1_2&#8243; specialty_columns=&#8221;2&#8243; _builder_version=&#8221;3.25&#8243; custom_padding=&#8221;|||&#8221; custom_padding__hover=&#8221;|||&#8221;][et_pb_row_inner _builder_version=&#8221;4.0.10&#8243;][et_pb_column_inner saved_specialty_column_type=&#8221;1_2&#8243; _builder_version=&#8221;4.0.10&#8243;][et_pb_blurb title=&#8221;\u00a1Gracias por llenar el formulario! &#8221; _builder_version=&#8221;4.0.10&#8243; header_level=&#8221;h2&#8243; [&hellip;]<\/p>\n","protected":false},"author":9,"featured_media":0,"parent":0,"menu_order":0,"comment_status":"closed","ping_status":"closed","template":"page-template-blank.php","meta":{"_et_pb_use_builder":"on","_et_pb_old_content":""},"_links":{"self":[{"href":"https:\/\/proksol.com\/marketing\/wp-json\/wp\/v2\/pages\/8057"}],"collection":[{"href":"https:\/\/proksol.com\/marketing\/wp-json\/wp\/v2\/pages"}],"about":[{"href":"https:\/\/proksol.com\/marketing\/wp-json\/wp\/v2\/types\/page"}],"author":[{"embeddable":true,"href":"https:\/\/proksol.com\/marketing\/wp-json\/wp\/v2\/users\/9"}],"replies":[{"embeddable":true,"href":"https:\/\/proksol.com\/marketing\/wp-json\/wp\/v2\/comments?post=8057"}],"version-history":[{"count":32,"href":"https:\/\/proksol.com\/marketing\/wp-json\/wp\/v2\/pages\/8057\/revisions"}],"predecessor-version":[{"id":8112,"href":"https:\/\/proksol.com\/marketing\/wp-json\/wp\/v2\/pages\/8057\/revisions\/8112"}],"wp:attachment":[{"href":"https:\/\/proksol.com\/marketing\/wp-json\/wp\/v2\/media?parent=8057"}],"curies":[{"name":"wp","href":"https:\/\/api.w.org\/{rel}","templated":true}]}}